s divided by 30?
28
What is the remainder when 47 is divided by 24?
23
Calculate the remainder when 7828 is divided by 18.
16
What is the remainder when 359 is divided by 34?
19
Calculate the remainder when 625 is divided by 21.
16
Calculate the remainder when 76 is divided by 49.
27
Calculate the remainder when 7235 is divided by 47.
44
Calculate the remainder when 561 is divided by 96.
81
Calculate the remainder when 297 is divided by 77.
66
Calculate the remainder when 225 is divided by 7.
1
Calculate the remainder when 223 is divided by 15.
13
Calculate the remainder when 259 is divided by 70.
49
Calculate the remainder when 398 is divided by 19.
18
Calculate the remainder when 41 is divided by 8.
1
What is the remainder when 1268 is divided by 10?
8
Calculate the remainder when 788 is divided by 42.
32
What is the remainder when 354 is divided by 115?
9
What is the remainder when 9395 is divided by 87?
86
What is the remainder when 129 is divided by 6?
3
Calculate the remainder when 49 is divided by 14.
7
What is the remainder when 257 is divided by 51?
2
What is the remainder when 514 is divided by 76?
58
What is the remainder when 9519 is divided by 138?
135
Calculate the remainder when 98 is divided by 80.
18
Calculate the remainder when 7201 is divided by 91.
12
Calculate the remainder when 926 is divided by 161.
121
Calculate the remainder when 1247 is divided by 156.
155
Calculate the remainder when 86 is divided by 51.
35
Calculate the remainder when 234 is divided by 79.
76
What is the remainder when 1981 is divided by 64?
61
What is the remainder when 18559 is divided by 364?
359
What is the remainder when 336 is divided by 40?
16
What is the remainder when 205 is divided by 204?
1
What is the remainder when 144 is divided by 47?
3
What is the remainder when 87 is divided by 25?
12
What is the remainder when 66 is divided by 64?
2
What is the remainder when 82 is divided by 21?
19
What is the remainder when 107 is divided by 4?
3
Calculate the remainder when 2227 is divided by 1109.
9
Calculate the remainder when 507 is divided by 253.
1
What is the remainder when 1158 is divided by 102?
36
What is the remainder when 165 is divided by 12?
9
Calculate the remainder when 255 is divided by 43.
40
Calculate the remainder when 4300 is divided by 7.
2
What is the remainder when 4269 is divided by 70?
69
Calculate the remainder when 335 is divided by 19.
12
Calculate the remainder when 408 is divided by 81.
3
What is the remainder when 810 is divided by 171?
126
Calculate the remainder when 2336 is divided by 57.
56
Calculate the remainder when 133 is divided by 6.
1
What is the remainder when 145 is divided by 123?
22
Calculate the remainder when 535 is divided by 24.
7
What is the remainder when 1386 is divided by 100?
86
Calculate the remainder when 1145 is divided by 191.
190
Calculate the remainder when 37 is divided by 4.
1
Calculate the remainder when 528 is divided by 133.
129
Calculate the remainder when 2425 is divided by 53.
40
Calculate the remainder when 1461 is divided by 19.
17
Calculate the remainder when 1139 is divided by 114.
113
What is the remainder when 567 is divided by 23?
15
Calculate the remainder when 9445 is divided by 141.
139
What is the remainder when 86 is divided by 46?
40
What is the remainder when 422 is divided by 23?
8
Calculate the remainder when 849 is divided by 140.
9
Calculate the remainder when 21 is divided by 21.
0
Calculate the remainder when 91 is divided by 46.
45
What is the remainder when 2031 is divided by 92?
7
What is the remainder when 227 is divided by 74?
5
What is the remainder when 366 is divided by 124?
118
Calculate the remainder when 123 is divided by 25.
23
Calculate the remainder when 23709 is divided by 85.
79
What is the remainder when 13848 is divided by 81?
78
What is the remainder when 2140 is divided by 1070?
0
Calculate the remainder when 252 is divided by 18.
0
Calculate the remainder when 747 is divided by 21.
12
Calculate the remainder when 37 is divided by 4.
1
Calculate the remainder when 6206 is divided by 135.
131
Calculate the remainder when 1679 is divided by 551.
26
Calculate the remainder when 36 is divided by 20.
16
What is the remainder when 1802 is divided by 26?
8
What is the remainder when 4492 is divided by 1488?
28
What is the remainder when 116 is divided by 3?
2
Calculate the remainder when 426 is divided by 176.
74
What is the remainder when 63 is divided by 14?
7
What is the remainder when 981 is divided by 12?
9
Calculate the remainder when 69 is divided by 14.
13
Calculate the remainder when 1403 is divided by 39.
38
What is the remainder when 178 is divided by 12?
10
What is the remainder when 544 is divided by 459?
85
What is the remainder when 362 is divided by 2?
0
What is the remainder when 1719 is divided by 27?
18
Calculate the remainder when 2204 is divided by 15.
14
Calculate the remainder when 2931 is divided by 3.
0
Calculate the remainder when 2501 is divided by 86.
7
Calculate the remainder when 1272 is divided by 73.
31
Calculate the remainder when 732 is divided by 52.
4
Calculate the remainder when 355 is divided by 78.
43
Calculate the remainder when 22678 is divided by 12.
10
Calculate the remainder when 624 is divided by 126.
120
Calculate the remainder when 218 is divided by 179.
39
What is the remainder when 542 is divided by 21?
17
What is the remainder when 6510 is divided by 133?
126
Calculate the remainder when 358 is divided by 231.
127
What is the remainder when 20 is divided by 4?
0
Calculate the remainder when 38 is divided by 15.
8
Calculate the remainder when 308 is divided by 82.
62
What is the remainder when 12315 is divided by 113?
111
What is the remainder when 226 is divided by 34?
22
Calculate the remainder when 69931 is divided by 73.
70
What is the remainder when 131 is divided by 21?
5
Calculate the remainder when 608 is divided by 153.
149
Calculate the remainder when 135 is divided by 2.
1
What is the remainder when 3104 is divided by 222?
218
Calculate the remainder when 108 is divided by 16.
12
Calculate the remainder when 6402 is divided by 45.
12
Calculate the remainder when 591 is divided by 74.
73
Calculate the remainder when 179 is divided by 18.
17
Calculate the remainder when 751 is divided by 126.
121
Calculate the remainder when 823 is divided by 69.
64
What is the remainder when 310 is divided by 70?
30
What is the remainder when 186 is divided by 151?
35
What is the remainder when 22 is divided by 21?
1
Calculate the remainder when 42 is divided by 29.
13
What is the remainder when 248 is divided by 120?
8
Calculate the remainder when 227 is divided by 54.
11
What is the remainder when 75 is divided by 26?
23
What is the remainder when 5712 is divided by 22?
14
What is the remainder when 4479 is divided by 56?
55
Calculate the remainder when 197 is divided by 25.
22
Calculate the remainder when 213 is divided by 31.
27
Calculate the remainder when 5387 is divided by 245.
242
What is the remainder when 114 is divided by 20?
14
What is the remainder when 261 is divided by 132?
129
What is the remainder when 157 is divided by 15?
7
Calculate the remainder when 62 is divided by 3.
2
What is the remainder when 245 is divided by 225?
20
Calculate the remainder when 403 is divided by 29.
26
What is the remainder when 169 is divided by 17?
16
What is the remainder when 363 is divided by 32?
11
What is the remainder when 4423 is divided by 1472?
7
Calculate the remainder when 2528 is divided by 15.
8
Calculate the remainder when 117 is divided by 32.
21
Calculate the remainder when 2144 is divided by 13.
12
Calculate the remainder when 104 is divided by 23.
12
Calculate the remainder when 1716 is divided by 304.
196
What is the remainder when 145 is divided by 52?
41
What is the remainder when 88 is divided by 34?
20
Calculate the remainder when 591 is divided by 85.
81
Calculate the remainder when 1270 is divided by 206.
34
What is the remainder when 2288 is divided by 185?
68
What is the remainder when 3357 is divided by 42?
39
Calculate the remainder when 3182 is divided by 8.
6
Calculate the remainder when 160 is divided by 44.
28
Calculate the remainder when 1537 is divided by 154.
151
Cal